hat are the prime factors of k?
11, 13, 17
Let y(b) be the third derivative of 4*b**4/3 + 4*b**3/3 - 34*b**2. List the prime factors of y(4).
2, 17
Let k be 0/(-3*(-6)/(-9)). Let u(y) = y + 7. Let d be u(k). Suppose -22*p + d = -21*p. List the prime factors of p.
7
Suppose -k = -3 + 6. Let o be (4/3)/(k/27). Let t = o + 16. What are the prime factors of t?
2
Suppose 2*f + 7 = -19. Let u = -29 - f. List the prime factors of (-12)/u + 186/8.
2, 3
Let n(i) = -4*i + 15. Let u be n(3). Let s be (2 - -1)*26/3. What are the prime factors of 70*(u + s/(-10))?
2, 7
Let f(g) = -5*g + 25. Let w be f(5). Suppose -37*i + 39*i - 274 = w. List the prime factors of i.
137
Suppose 0 = -13*z - 19265 + 53312. What are the prime factors of z?
3, 97
Let b(a) = -47*a - 16. Let k be b(-5). Let i = k + -129. What are the prime factors of i?
2, 3, 5
Suppose 0 = j - 4*r - 2 - 50, -5*r + 310 = 5*j. List the prime factors of j.
2, 3, 5
Let d = 534 - 254. Let y = d - 143. What are the prime factors of y?
137
List the prime factors of 3/(-90)*-27934 + (-4)/30.
7, 19
Suppose 3*x - 4*u - 11324 = 0, 59*x = 61*x + 4*u - 7556. List the prime factors of x.
2, 59
Let a = -4 + 2. Let v be (a - -3)*(-98)/7. Let s = 14 - v. What are the prime factors of s?
2, 7
Let z(r) = 6*r**3 - 8*r**2 + 10*r - 20. What are the prime factors of z(3)?
2, 5
Let r be (1 + -2)/((-2)/10). Let s(u) = u**3 + 26*u**2 + 49*u + 35. Let n be s(-24). Let t = r + n. List the prime factors of t.
2
Let d = 16 - 13. Let c be d*(-2)/(4/(-2)). Suppose -c*m = -25 + 1. List the prime factors of m.
2
Suppose 4*h - 2347 = 3*p, 0 = -2*p - 18 + 16. What are the prime factors of h?
2, 293
Suppose 20 = -5*o, o = 5*k - 5902 - 1037. List the prime factors of k.
19, 73
Suppose 3*u - 1242 = -4*k + 7*k, 0 = -u - k + 422. List the prime factors of u.
2, 11, 19
Let z(b) = -b + 1. Let d be z(-11). Suppose -d = -2*m + 6*m. What are the prime factors of -1 + (-135)/m + -4?
2, 5
Let l(u) = -145*u**3 + 5*u - 9. Let g(x) = 725*x**3 - 24*x + 46. Let z(h) = -2*g(h) - 11*l(h). List the prime factors of z(1).
5, 29
Let r = -18 + 20. Let b = r - -69. List the prime factors of b.
71
Let a(m) = -4 + 3*m**2 + m - 2*m**2 + m - m. Let r be a(-5). Suppose -w = -33 - r. List the prime factors of w.
7
Let t = 84 - 52. Suppose -232 = -3*c + t. What are the prime factors of c?
2, 11
Let l be (-4 - (-3 + 1)) + -50. List the prime factors of -4 - (-2)/((-8)/l).
3
Suppose -2*h - 13612 = -3*d, -d + 1300 = 5*h - 3243. What are the prime factors of d?
2, 2269
Let x be (1/(-3))/(1/3). Let h be (-2*3/6)/x. Suppose -n + h = -6. List the prime factors of n.
7
Suppose 233 = f + 3*z, 0 = -15*f + 17*f - 2*z - 458. List the prime factors of f.
2, 5, 23
Let q(h) = -2*h + 12. Let m be q(-10). Let t = m + -8. Suppose -t + 6 = -3*j. What are the prime factors of j?
2, 3
Let h = 417 + -348. Let y = 6 - 2. Suppose -73 - h = -3*v + 4*i, -176 = -y*v + 2*i. List the prime factors of v.
2, 3, 7
Let u(g) = -g**2 + 49*g - 13. What are the prime factors of u(17)?
3, 59
Suppose 0 = -3*b + w + 2163, b = -3*b - 3*w + 2871. Suppose 2*f = k - 181, 6*k = 2*k + 4*f + b. What are the prime factors of k?
179
Suppose 93*f - 4010 = -2*u + 89*f, 2*u - 4010 = 5*f. List the prime factors of u.
5, 401
Suppose -36 = 3*y - 2*n, 4*y + 48 = -3*n + 7*n. Let q(h) be the second derivative of h**4/12 + 2*h**3 + 9*h**2 - h. List the prime factors of q(y).
2, 3
Suppose 2*r + 3 = -j, 2 = 5*j + 3*r - 4. List the prime factors of ((-4)/(-2))/(8/2700*j).
3, 5
Let g(k) = -78*k + 137. List the prime factors of g(-7).
683
Let l(h) = 87*h**2 - 23*h - 20. What are the prime factors of l(-4)?
2, 3, 61
Suppose -2*m - 2*o = 596, -o = -4*o. List the prime factors of m*(15/(-10) - -1).
149
Let l = -103 + 108. Suppose -2*w + 112 = l*w. What are the prime factors of w?
2
Suppose v - 4*v = 5*f - 72, 5*f + 5*v = 80. Let l = f - 8. What are the prime factors of ((-30)/l)/(1/(-4))?
2, 3, 5
Let n = 2197 - 524. What are the prime factors of n?
7, 239
Let q be 12/(-14)*(-28)/4. Let k = q - -4. What are the prime factors of k?
2, 5
Suppose -10*h - 1498 = -17*h. What are the prime factors of h?
2, 107
Let f = 14 + -41. Let z = f + 89. What are the prime factors of z?
2, 31
Suppose 5*o + 2*u - 897 = -196, -4*o + 3*u + 570 = 0. Let x = o + -2. List the prime factors of x.
139
Let c be -1*-5*(20 - 1). Suppose 917 = -28*b - 343. Let f = b + c. List the prime factors of f.
2, 5
Let h = 7 - 9. List the prime factors of ((-793)/(-26))/(h/(-4)).
61
Suppose -296 + 1178 = 6*f. List the prime factors of f.
3, 7
Suppose 7*j = 5*f + 6*j - 9072, -5*j = -15. List the prime factors of f.
3, 5, 11
Let f(m) = 3*m + 1. Let v be f(1). Suppose n - 3*n = -v. What are the prime factors of (33/(-6))/(n/(-4))?
11
Let w = 11 + -5. Suppose p - 2*g = 2*g - w, -4 = 2*p - 4*g. Suppose h + 19 = p*h. List the prime factors of h.
19
Suppose -5*r - 2*z = -z - 20140, 4052 = r + 5*z. List the prime factors of r.
4027
Let n = 34 - 28. Suppose 80 = n*c - 4*c. List the prime factors of c.
2, 5
Suppose 3*z - 4*j = -0*j + 3, 2*j + 14 = 4*z. Suppose t - z = -4*k, -5*t = -3*k + k + 19. List the prime factors of (6/k)/(27/306).
2, 17
Let l(t) be the second derivative of t**5/20 - t**4/12 + t**3/6 + 51*t**2 - 3*t. Let z be l(0). List the prime factors of z/4*4/3.
2, 17
Let s(a) = -a**3 + 20*a**2 + 25*a + 83. What are the prime factors of s(20)?
11, 53
Let w = 78 - 125. Let l = w - -112. List the prime factors of l.
5, 13
Let l be 14/(-42)*(2 + -8). Suppose -l*k + 246 = k. List the prime factors of k.
2, 41
Suppose 4484 - 354 = v. What are the prime factors of v?
2, 5, 7, 59
Let t be (-6)/8 + 45/12. Suppose -3*o + 2*d + 6 = 0, t = -o + 2*d + 5. Suppose -o*n + 51 = -31. What are the prime factors of n?
41
Let j = 1366 + -546. Suppose -t - 2*t + 496 = -k, 5*t = 5*k + j. What are the prime factors of t?
2, 83
Let m(h) = -h**3 - 10*h**2 + 23*h - 2. Let n be m(-12). Suppose -n*r + 13*r - 243 = 0. What are the prime factors of r?
3
Let b be 2/(-4)*(-62 - 0). Suppose 5*y - 631 + 281 = 0. Let l = y - b. What are the prime factors of l?
3, 13
Suppose -39*d + 69936 = 8667. What are the prime factors of d?
1571
Let z be 4/(-6)*(0 + -3). Suppose -1320 = -4*g - z*g. List the prime factors of g.
2, 5, 11
Suppose -156 = -2*q - 5*t, 4*q - 258 = 4*t - 2. Suppose -464 = -12*i - q. What are the prime factors of i?
3, 11
Suppose 0 = -3*l - 4*h + 1151, -1187 = -3*l + 6*h - h. Suppose -7*y + l = -171. List the prime factors of y.
2, 5
List the prime factors of 357/21*5/(15/126).
2, 3, 7, 17
Suppose -4*r + 9*r = 5*v + 1285, 3*v + 509 = 2*r. Let n = -183 + r. List the prime factors of n.
79
Let v = 14 + -29. Let q = v - -18. What are the prime factors of q?
3
Let m = 13 - 40. Let n = 57 + m. List the prime factors of n.
2, 3, 5
Let d(o) = -o + 35. Suppose 5*f - 56 = 3*s, 3*f + 3*s = 2*s + 28. What are the prime factors of d(f)?
5
Suppose 2*h - 36 = -0*h. Let i = h - 32. List the prime factors of (-1 + 0)*(i - 34).
2, 3
Let n(w) = -w**2 + 24*w - 14. Suppose -r = -66 + 47. What are the prime factors of n(r)?
3
Suppose 71*z = 74800 - 26449. What are the prime factors of z?
3, 227
Let h(w) = w**2 - 8*w + 5. Let b = 39 + -25. List the prime factors of h(b).
89
List the prime factors of (30/(-80)*-4164)/(9/12).
2, 3, 347
Let s = 856 - 412. List the prime factors of s.
2, 3, 37
Let w = 1735 + -1049. List the prime factors of w.
2, 7
Suppose 2*x = -a + 6*a - 23, 2*a + x = 11. Suppose -2*o = -a*o + 18. Suppose -2*g = 2*b - 24, -b + o*g - g - 6 = 0. What are the prime factors of b?
3
Let p(l) be the first derivative of -37*l**2/2 - 6*l + 2. Let x be p(-3). Suppose 5*j = 2*m + 141, 2*m + x = 4*j + 3*m. What are the prime factors of j?
3
Let k = 14 - 16. Let j = k + 10. What are the prime factors of 170/(-4)*j/(-10)?
2, 17
What are the prime factors of -4*1478/(-6)*(-36)/(-24)?
2, 739
Suppose 3*q - l - 60 = 0, 3*q - 98 = -2*q + l. What are the prime factors of q?
19
Suppose 0 = -n + 2*u - 32, -3*n - 96 = 5*u + 44. Let b = 75 + n. What are the prime factors of b?
5, 7
Let m(d) = -26*d - 2. Let p(i) = 53*i + 4. Let y(h) = -7*m(h) - 4*p(h). List the prime factors of y(-4).
2, 59
Let b(f) = -29*f + 13 - 16 + 73. What are the prime factors of b(-9)?
331
Let a = 19 + -17. List the prime factors of (3/a)/(3/